= 2*d**2 + 3*d + 3. Determine h(-2).
5
Let y(n) = -n**2 + 14*n - 36. Determine y(16).
-68
Let w(j) = -j + 41. What is w(14)?
27
Let s(t) = t + 40. Determine s(-42).
-2
Let u(x) = 7*x - 69. Calculate u(9).
-6
Let h(f) = f**2 + 5*f - 16. Determine h(0).
-16
Let y(w) = -2*w**3 + 3*w**2 + 13*w - 13. Give y(4).
-41
Let v(a) = -a**3 - 10*a**2 - 10*a - 16. Calculate v(-9).
-7
Let i(r) = r + 23. Determine i(-15).
8
Let b(u) = 10*u**3 + 4*u + 4. Give b(-1).
-10
Let o(y) = -20*y**2 - y + 2. Give o(-2).
-76
Let r(p) = -5*p + 15. What is r(6)?
-15
Let f(p) = -15*p - 597. Calculate f(-40).
3
Let v(z) = 2*z**2 - 12*z + 6. What is v(9)?
60
Let f(d) = -8*d**3 - d**2 + 6*d + 7. Calculate f(-1).
8
Let y(z) = 2*z**3 + z**2 - 2*z + 1. What is y(-2)?
-7
Let u(z) = 2*z**2 + 7*z - 11. Determine u(-6).
19
Let l(f) = f**3 + 5*f**2 + f + 8. Calculate l(-5).
3
Let y(h) = -h + 97. Determine y(33).
64
Let p(h) = h**3 + 3*h**2 - h - 2. What is p(2)?
16
Let g(o) = -33*o + 1611. Calculate g(49).
-6
Let l(d) = d**2 - 4*d. Give l(8).
32
Let j(i) = i**3 + 6*i**2 - i - 11. Determine j(-5).
19
Let w(n) = -11*n + 28. What is w(-2)?
50
Let h(y) = -y**2 + y + 5. Give h(4).
-7
Let j(l) = l - 4. Determine j(14).
10
Let m(d) = 32*d**3 - 1. Calculate m(1).
31
Let o(i) = -i**2 - 1. Calculate o(4).
-17
Let v(m) = -4*m - 4. Determine v(-3).
8
Let h(z) = -2*z**2 - 13*z + 9. Calculate h(-8).
-15
Let d(b) = -2*b + 42. Calculate d(24).
-6
Let f(r) = 2*r - 11. What is f(20)?
29
Let m(z) = -10*z + 91. Calculate m(9).
1
Let m(z) = z**2 - 4*z - 15. Give m(9).
30
Let i(k) = k**2 + 9*k + 14. What is i(-7)?
0
Let d(j) = j**3 + 4*j**2 - 7*j - 3. Determine d(-7).
-101
Let x(j) = -14*j**2 + 2*j + 1. Give x(-1).
-15
Let q(l) = 37*l - 8. What is q(2)?
66
Let f(t) = t**3 - 2*t**2 - t - 1. Give f(-2).
-15
Let m(q) = -q**2 - 32*q - 43. What is m(-31)?
-12
Let i(n) = -n**3 - 6*n**2 + 8*n - 17. Give i(-7).
-24
Let k(r) = -6*r**2 - 11*r + 3. Determine k(-3).
-18
Let o(k) = k**2 - k + 12. Determine o(6).
42
Let d(h) = 5*h + 35. Give d(-11).
-20
Let d(l) = l**3 - 11*l**2 - 27*l + 5. What is d(13)?
-8
Let d(o) = -6*o**3 - o**2 - o + 2. Determine d(1).
-6
Let x(n) = -3*n + 18. Calculate x(7).
-3
Let c(r) = r**2 + 16*r + 12. Give c(-15).
-3
Let h(l) = 6*l - 4. Determine h(3).
14
Let w(j) = -4*j**2 + 1. Determine w(-1).
-3
Let a(l) = -2*l - 6. What is a(-4)?
2
Let h(a) = a**2 + 21*a - 46. Give h(-23).
0
Let t(l) = -l**3 - 5*l**2 + 2*l + 6. Determine t(-4).
-18
Let u(g) = -6*g + 17. Calculate u(2).
5
Let m(r) = r**2 - 9*r - 11. Determine m(9).
-11
Let u(f) = 10*f + 86. What is u(-6)?
26
Let p(j) = -11*j - 60. Determine p(-5).
-5
Let p(f) = -f + 4. Give p(12).
-8
Let w(h) = -8*h + 395. Give w(50).
-5
Let v(l) = l**2 + 3*l - 19. Calculate v(-5).
-9
Let p(w) = -w**2 - 23*w - 39. Determine p(-21).
3
Let l(g) = -g**3 + 4*g**2 + 3*g - 11. What is l(4)?
1
Let k(w) = -w**2 + 9*w - 7. Determine k(8).
1
Let s(n) = -n**3 + 12*n**2 - n - 8. Give s(11).
102
Let y(g) = 2*g**3 + 9*g**2 + 4*g - 2. Give y(-4).
-2
Let h(f) = 2*f**3 - 14*f**2 + 15*f - 102. What is h(7)?
3
Let c(y) = y**3 + 35*y**2 + 2*y + 61. Give c(-35).
-9
Let a(b) = -b**3 - 7*b**2 - 2*b. What is a(-3)?
-30
Let a(l) = l**2 + 12*l + 15. Calculate a(-12).
15
Let q(n) = -17*n**3 - 4*n**2 + 2. Give q(1).
-19
Let f(o) = -5*o + 7. Determine f(3).
-8
Let k(l) = l**2 - 16*l + 2. Calculate k(11).
-53
Let k(p) = -p**3 + 7*p**2 - 7*p. Calculate k(5).
15
Let n(f) = f**3 + 18*f**2 - 4*f - 68. Determine n(-18).
4
Let z(s) = s**2 + 16*s + 10. Give z(-9).
-53
Let j(n) = -16*n**2 - 3*n + 4. What is j(2)?
-66
Let g(a) = -11*a - 12. Calculate g(7).
-89
Let t(c) = -c**3 + 4*c**2 - c. What is t(2)?
6
Let b(f) = f**3 + 10*f**2 + f + 28. What is b(-10)?
18
Let r(t) = -t**2 + 9*t - 16. What is r(7)?
-2
Let z(c) = 4*c + 14. What is z(6)?
38
Let c(m) = -9*m - 22. Determine c(-6).
32
Let k(y) = y**2 + 8*y - 24. Calculate k(-10).
-4
Let x(q) = -4*q + 151. Determine x(39).
-5
Let l(h) = h**3 + 15*h**2 + 12*h + 12. Give l(-14).
40
Let a(l) = 2*l + 48. Determine a(6).
60
Let b(x) = -x**2 + 3*x - 10. Calculate b(7).
-38
Let l(i) = i**3 + 19*i**2 - 20*i + 3. Give l(-20).
3
Let g(z) = -2*z - 17. Calculate g(7).
-31
Let r(j) = -j**3 - 2*j**2 + 20*j + 30. Calculate r(-5).
5
Let o(h) = h**2 + 5*h - 12. Calculate o(-6).
-6
Let b(i) = -5*i - 138. What is b(-28)?
2
Let m(u) = u**2 + 5*u + 6. Give m(-6).
12
Let p(r) = 3*r**2 - 23*r - 51. What is p(-2)?
7
Let r(v) = -6*v + 65. Calculate r(10).
5
Let r(j) = 6*j - 6. What is r(-6)?
-42
Let y(f) = -f**2 - 14*f - 13. Give y(-12).
11
Let i(c) = c**3 - 2*c**2 - 3*c + 6. Calculate i(-2).
-4
Let m(t) = -5*t + 4. What is m(-3)?
19
Let d(a) = a**2 + 7*a + 6. Give d(-6).
0
Let r(t) = 4*t**2 - 128*t - 9. Determine r(32).
-9
Let a(f) = -4*f - 20. Give a(-9).
16
Let y(r) = r**2 - 11*r + 16. Determine y(9).
-2
Let r(d) = d**2 + 23*d + 44. Determine r(-21).
2
Let b(t) = -t - 3. Determine b(-4).
1
Let t(u) = u**2 - 10*u + 6. Determine t(5).
-19
Let x(a) = -a**2 + 5*a + 7. Calculate x(5).
7
Let p(k) = 3*k**2 + 6*k - 6. What is p(1)?
3
Let q(r) = -r**3 + 10*r**2 - 11*r - 42. What is q(8)?
-2
Let z(g) = -6*g - 18. Determine z(-5).
12
Let d(c) = c**2 + 6*c - 80. Calculate d(-13).
11
Let c(w) = 13*w**2 + 10*w + 8. Give c(-1).
11
Let h(x) = x**3 + x + 2. What is h(-2)?
-8
Let m(d) = -13*d**3 + d**2 + 3*d - 2. What is m(1)?
-11
Let c(f) = -f**2 - f + 20. What is c(0)?
20
Let q(h) = -h**3 - 6*h**2 - 23*h - 50. Give q(-3).
-8
Let w(y) = -6*y - 46. What is w(-8)?
2
Let b(t) = -t**3 + t**2 + t + 15. Calculate b(0).
15
Let q(b) = -5*b - 15. Calculate q(-3).
0
Let y(s) = 3*s - 16. Calculate y(7).
5
Let b(f) = 11*f. Give b(-2).
-22
Let z(c) = c**3 - 15*c**2 + 15*c + 12. Determine z(14).
26
Let f(p) = 3*p**2 - 10*p - 1. Determine f(3).
-4
Let u(n) = -n + 8. Give u(1).
7
Let i(s) = -s**3 - 29*s**2 + 4*s + 114. Give i(-29).
-2
Let q(k) = -2*k - 31. Give q(-12).
-7
Let w(x) = 4*x - 7. Calculate w(2).
1
Let g(h) = 17*h + 20. Give g(-1).
3
Let u(l) = l**3 - 5*l**2 + 28. Determine u(4).
12
Let j(c) = 12*c**3 + 2*c**2 + c + 1. Give j(-1).
-10
Let r(x) = 7*x - 12. Determine r(2).
2
Let r(s) = 7*s - 10. Calculate r(5).
25
Let l(v) = -v**3 + 3*v**2 + 6*v - 9. What is l(4)?
-1
Let l(b) = -b**2 + 5*b + 11. Give l(9).
-25
Let l(q) = -2*q**3 - 4*q**2 + 20*q - 5. Determine l(3).
-35
Let g(j) = -13*j**3 - 6*j**2 + 3*j - 1. Determine g(2).
-123
Let h(v) = -v**3 - 7*v**2 - 5*v. Calculate h(-7).
35
Let z(w) = 8*w**2 - 4*w - 2. Determine z(5).
178
Let v(p) = p**2 + 4*p - 28. What is v(-5)?
-23
Let c(h) = 3*h - 30. Give c(15).
15
Let c(y) = -3*y**2 - 4*y + 6. Give c(-5).
-49
Let h(k) = -k**3 - 5*k**2 + 8*k + 8. What is h(-6)?
-4
Let u(v) = -3*v + 8. Give u(4).
-4
Let t(u) = u**3 + 15*u**2 - 3*u + 1. Calculate t(-15).
46
Let p(c) = -3*c + 100. Calculate p(32).
4
Let d(x) = 6*x**3 - 6*x**2 + 10*x. What is d(3)?
138
Let z(o) = o**2 + 5*o - 11. Give z(-7).
3
Let t(u) = -u**2 + 23*u + 108. Determine t(-4).
0
Let y(b) = 4*b + 13. Calculate y(26).
117
Let k(p) = -p + 21. What is k(11)?
10
Let y(q) = -q**3 + 7*q**2 + q - 4. Calculate y(7).
3
Let m(t) = -71*t**2 + t + 1. Determine m(-1).
-71
Let a(i) = i**2 - 5*i. Determine a(5).
0
Let t(c) = -4*c + 5. Give t(-2).
13
Let v(x) = -x**3 - 6*x**2 - 4*x + 9. Determine v(0).
9
Let o(y) = y**2 - 12*y + 21. What is o(10)?
1
Let f(l) = -7*l - 38. Give f(4).
-66
Let w(t) = 7*t. Determine w(6).
42
Let g(c) = -c**2 + 5*c + 10. What is g(7)?
-4
Let i(u) = u**3 - 11*u**2 - 12*u + 11. Determine i(12).
11
Let q(c) = 11*c - 5. Calculate q(-3).
-38
Let c(m) = -m**3 - 7*m**2 + 5*m - 14. Calculate c(-8).
10
Let m(a) = a - 32. Give m(0).
-32
Let a(t) = -t**3 - 11*t**2 + 2*t - 10. Determine a(-11).
-32
Let x(f) = -8*f**2 - f. Calculate x(-1).
-7
Let i(l) = -l**3 - 9*l**2 + 18*l + 199. Determine i(-8).
-9
Let x(s) = 4*s + 33. Calculate x(-8).
1
Let c(i) = -i**3 + 3*i**2 - 4*i + 6. Give c(2).
2
Let m(a) = -2*a + 24. Give m(17).
-10
Let g(s) = -3*s**2 - s + 1. Calculate g(-4).
-43
Let h(t) = -t**3 + 12*t**2 - 10*t. Calculate h(11).
11
Let w(z) = 18*z + 29. What is w(-4)?
-43
Let r(g) = g - 38. Calculate r(0).
-38
Let x(j) = j**2 + 24*j - 37. Give x(-25).
-12
Let p(t) = t**2 + 8*t + 26. Give p(-5).
11
Let d(i) = -3*i - 6. What is d(6)?
-24
Let n(w) = -w + 5. Determine n(12).
-7
Let k(m) = -